s digit of w(n)?
5
Let j(o) = 8517*o + 261. What is the ten thousands digit of j(2)?
1
Let r = -113 + 117. Suppose 3*c - 682 = -5*j, 0 = 3*c - 2*c - r*j - 250. What is the hundreds digit of c?
2
Let x = -11034 + 18573. What is the thousands digit of x?
7
Let v = 950 - 951. Let y(h) = 6*h + 1 - 26*h - 36*h. What is the units digit of y(v)?
7
Suppose -4*n = 5*f - 8*n - 46979, -3*f = 2*n - 28183. What is the tens digit of f?
9
Let i(k) = 3*k**3 - 11*k**2 - 8*k + 7. What is the hundreds digit of i(7)?
4
Let s(l) = -11*l - 30. Let o(x) = -3*x + 25. Let y be o(-5). Suppose 11*h = -59 - y. What is the units digit of s(h)?
9
Let q = 18866 + -7426. What is the tens digit of q?
4
Suppose 114*w = 218*w - 1799734 - 448018. What is the tens digit of w?
1
Let g(j) = 4*j**2 + 17*j + 6. Let c be g(4). Let r = c + -87. What is the units digit of r?
1
Let h(o) = o**2 + 4*o + 5. Let m be h(-4). Suppose 2*f - 877 = m*t, 5*f - 3*f - t = 857. Suppose 2*s - 8*s + f = 0. What is the units digit of s?
1
Let q(a) = -a**2 + 11*a - 8. Let h be q(11). What is the units digit of (-5 + (-28)/h)/((-1)/6)?
9
Let b(v) = -4*v + 44. Let g be b(10). Suppose 0 = -9*w + 4*w - 3*h + 267, -g*w + 192 = -3*h. Let y = 148 - w. What is the tens digit of y?
9
Let d(g) = -g**2 - g - 175. Let j be d(0). Let b = 389 - j. What is the hundreds digit of b?
5
Let v = -577 - -541. What is the hundreds digit of -1 - 7 - 36108/v?
9
Suppose 2*l - 138 = 216. Suppose l*w + 1473 = 180*w. What is the tens digit of w?
9
Let n(s) be the second derivative of 4*s**3/3 + 91*s**2/2 - 47*s. What is the units digit of n(9)?
3
Suppose 0 = -32*m - 124 + 380. Let h(y) be the third derivative of 11*y**4/12 - 2*y**3 + y**2. What is the hundreds digit of h(m)?
1
Suppose -2*o - 24 = 24. Let v be (74/4)/(-6*1/o). What is the units digit of (-2)/(-6) + v/3?
5
Let b = -50296 - -89507. What is the ten thousands digit of b?
3
Let q be 3*7/(1 + 6). Suppose -r + 250 = -q*v, -v + 2*v = -4*r + 1013. What is the tens digit of r?
5
What is the hundreds digit of 3/(-42)*7*-19892?
9
Let x(d) = -699*d - 2204. What is the units digit of x(-16)?
0
Let r be 3 + 60/40 + (-10318)/4. Let d = r - -3879. What is the tens digit of d?
0
Let w be 5*(374/5)/11. Let z(n) = 19*n - 226. What is the hundreds digit of z(w)?
4
Suppose -3*c + 38 = -0*c - 2*s, -3*c - 5*s + 10 = 0. Suppose 0 = c*t - 6*t - 24. Suppose -126 = -12*x + t*x. What is the tens digit of x?
2
Let i(r) = -26 + 11*r + 42 - 12*r + 40. What is the units digit of i(-25)?
1
Let c be 6*((-64)/24)/8. What is the hundreds digit of ((-41)/(-1))/((8/(-20))/c)?
2
Let r be (-1 - (5 - 5))*3 + -19. Let i be (-135)/4 + (-6)/24. Let c = r - i. What is the units digit of c?
2
Suppose a - 6*a = -4*k - 16, 8 = 3*a - 2*k. Suppose o = -0 - a. Suppose 4*r + 162 + 228 = 5*g, 5*g - r - 390 = o. What is the tens digit of g?
7
Suppose 4*m - 6*c = 46622, -2*m = 4*c + 15579 - 38841. What is the units digit of m?
5
Suppose -47 = s + 4*k, 4*s - 2*s + 2*k = -70. Let c = 40 + s. Suppose 0 = 2*x - c*x + 231. What is the units digit of x?
3
Suppose 0 = 3*f - 0*f - 21. Suppose 5746 = 6*y + f*y. Suppose 0 = 4*m - m - 4*n - y, 169 = m + 3*n. What is the tens digit of m?
5
What is the thousands digit of -9 + 3 + (91/(-7) - -15826)?
5
Let i = -55 - -52. Let a(z) = 2*z**3 + 2*z**2 - 2*z + 3. Let x be a(i). What is the units digit of (27 + 1)*(-9)/(x/6)?
6
Suppose 64 - 214 = 6*q. Let l = q - -32. Suppose 5 = l*w - 9. What is the units digit of w?
2
Let v(t) be the second derivative of t**5/20 - 13*t**4/12 + 41*t**3/6 - 19*t**2 + 20*t. What is the tens digit of v(16)?
8
Suppose 0 = x - 5 - 0, 5*n - 3*x - 5170 = 0. Let p = n + -165. What is the units digit of p?
2
Let m = 72995 + -33502. What is the tens digit of m?
9
Let y(j) be the second derivative of -j**6/80 + 7*j**5/40 - j**4/4 + 16*j. Let m(f) be the third derivative of y(f). What is the units digit of m(-28)?
3
Let y(l) = -248*l + 25. Let s be y(2). What is the hundreds digit of (-3 + 2)/(1/s)?
4
Suppose -27*f + 31055 + 132484 = 0. What is the tens digit of f?
5
Let i = 694 - -1651. Suppose -6*u + 2851 + i = 0. What is the units digit of u?
6
Suppose -239 = -2*n + 19. Let u = 359 - 149. Let y = u - n. What is the tens digit of y?
8
Suppose 0 = 7*s - 12 - 93. Suppose -19*a + 3512 = -s*a. What is the tens digit of a?
7
Let m be (3/(-9))/(2/6). Let p be (0/m)/(3 + -2 + -2). Suppose -k + 2 + 162 = p. What is the hundreds digit of k?
1
What is the thousands digit of 4/78 - 19999868/(-8268)?
2
What is the tens digit of (4 - -2 - 0)*5287/102?
1
Let d(q) = 366*q**2 - 142*q + 1527. What is the units digit of d(16)?
1
Suppose -5*d = -5*l + 172875, 5*l + 21375 - 194159 = -8*d. What is the thousands digit of l?
4
Let a be ((-780)/1)/(42/(-4) + 9). Suppose 7*y - 3*y - a = 0. What is the units digit of y?
0
Let p be (-21)/175*-5*260. Let c = 744 - p. What is the tens digit of c?
8
Suppose n + 2*x - 41 = 0, 3*x = -n - 0*x + 38. Let b(j) = -22*j - 23*j + n*j + 17. What is the units digit of b(4)?
5
Let p be -6*(12/8 + -2). Suppose -p*g - 154 = 5*h - 7*g, 2*g = -4*h - 118. Let d = -25 - h. What is the units digit of d?
5
Let m = -1228 - -2434. Suppose 5*s = -2*p + m + 611, p = 5*s - 1829. Let a = s - 223. What is the hundreds digit of a?
1
Suppose 0 = 4*b - 4*y + 11 + 5, 0 = -b - 4*y + 1. What is the tens digit of 352/6 + -2 + (-7)/b?
5
Let g(i) = 28*i + 37. Let y be g(12). What is the tens digit of y/(8/56*7)?
7
Suppose 0 = -v - 4*n + 4445, -9*v + 3*n + 8912 = -7*v. Suppose v = -18*f + 16495. What is the units digit of f?
9
Let v = -687 - -686. What is the thousands digit of 316*v/((-24)/(-78))*-1?
1
What is the ten thousands digit of -8*(-648872)/64 - 14?
8
Let b = 33332 - 6540. What is the tens digit of b?
9
What is the thousands digit of ((-9001734)/(-869) + 3/11)*1?
0
Suppose 15*u - 10*u + a = 19521, u - 3910 = -6*a. What is the hundreds digit of u?
9
Suppose t + 0*t = 2*o + 1, 0 = -3*o + 5*t + 2. What is the thousands digit of 66/((((-18)/186)/o)/2)?
1
Let w(d) be the second derivative of 48*d**4 - d**2/2 - 2*d - 9. What is the units digit of w(1)?
5
Let g = 8052 + 46820. What is the hundreds digit of g?
8
Let m(k) = -89*k + 10. Let r = -131 + 123. What is the hundreds digit of m(r)?
7
Let c = -3 + 7. Suppose -2*t = -5*j - 115, 5*t - 2*j + 3*j = 301. Suppose -2*h = 2*h - 4*g - t, 56 = c*h - 3*g. What is the units digit of h?
1
Let u(k) = -4408*k**3 + 7*k**2 + 12*k + 6. What is the thousands digit of u(-1)?
4
Let n be 11/(44/16) - (4 - 0). Suppose -142*i + 137*i + 1530 = n. What is the hundreds digit of i?
3
Let d(z) = -2381*z - 203. What is the thousands digit of d(-5)?
1
Let r(g) = -4*g**3 - 10*g**2 - 4*g - 15. What is the units digit of r(-15)?
5
Let i(t) = 21*t**2 + 84*t + 26. What is the thousands digit of i(16)?
6
Suppose -5*f - 2*d = 2*d - 160652, 5*d - 96412 = -3*f. What is the thousands digit of f?
2
Let p = 11 - -9. Let w(a) = a**2 - 18*a - 38. Let d be w(p). Suppose -v = 3*u - 226, -d*u = -0*u + 3*v - 146. What is the units digit of u?
6
Let j = 138 + -316. Let l = j + 566. What is the hundreds digit of l?
3
Let p(a) = a**3 + 13*a**2 - 2*a - 30. Let n be p(-13). What is the units digit of -1*(0 + 2)*566/n?
3
Let t(p) = p**3 + 9*p**2 - p. Let n be t(-9). Let r = 269 - 209. Suppose 0 = q + n - r. What is the units digit of q?
1
Suppose 10*p = 15*p + 40. Let t = p + 18. What is the units digit of 1 + (3 - t)*(1 + -11)?
1
Suppose -66*x + 1180276 = 2*x. What is the units digit of x?
7
Let o = 117 - 214. Let j = o + 119. What is the units digit of j?
2
Let n(q) = -3*q**3 + 3*q**2 + 5*q - 13. Let f be n(3). Let w = 439 - f. What is the tens digit of w?
9
Let k(i) = -12*i - 79. Let f(u) = -u - 17. Let x(b) = 4*f(b) - k(b). Suppose -5*p = q - 2*q + 11, -5*q + 55 = p. What is the units digit of x(q)?
9
Suppose -60*x + 123816 = 7*x. What is the hundreds digit of x?
8
What is the units digit of ((-91218)/115)/((-4)/120)?
6
Suppose 6*z - 2*z = 2*z. Suppose z = h - 5*a - 23 - 318, -3*a = -9. What is the units digit of h?
6
Let q(z) = -z**3 + 14*z**2 + 29*z + 18. Let b be q(16). Let t be (2/3*-2)/(b/(-45)). What is the tens digit of t + (-448 + 0)/(-4)?
1
Suppose -4 = -r, -3*a + 4*r - 6 = 4. Suppose -a*z + 688 = -1096. What is the hundreds digit of z?
8
Suppose -s = 10 - 9.